ivided by 33380.
715
Calculate the remainder when 149840 is divided by 16616.
296
Calculate the remainder when 22546096 is divided by 21932.
0
What is the remainder when 172533660 is divided by 6091?
6085
What is the remainder when 23137315 is divided by 21?
19
What is the remainder when 12499 is divided by 11723?
776
Calculate the remainder when 14980807 is divided by 53.
39
Calculate the remainder when 25410 is divided by 3.
0
What is the remainder when 7491 is divided by 7489?
2
Calculate the remainder when 422130 is divided by 245.
240
What is the remainder when 61069 is divided by 28548?
3973
What is the remainder when 116604 is divided by 5822?
164
Calculate the remainder when 12052603 is divided by 280.
3
What is the remainder when 90203186 is divided by 1155?
1151
Calculate the remainder when 1634379 is divided by 260.
19
Calculate the remainder when 4183464 is divided by 2091718.
28
Calculate the remainder when 395195 is divided by 395159.
36
Calculate the remainder when 271890 is divided by 38606.
1648
Calculate the remainder when 18556428 is divided by 32216.
12
What is the remainder when 687363 is divided by 28?
19
What is the remainder when 432055271 is divided by 4488?
4487
Calculate the remainder when 3039530 is divided by 6153.
6101
Calculate the remainder when 114680 is divided by 22881.
275
What is the remainder when 36654070 is divided by 6109011?
4
Calculate the remainder when 118516942 is divided by 312.
310
Calculate the remainder when 2456870 is divided by 74437.
449
What is the remainder when 22542447 is divided by 175?
172
Calculate the remainder when 9832703 is divided by 1239.
1238
What is the remainder when 51784 is divided by 8517?
682
What is the remainder when 3018043 is divided by 90?
73
Calculate the remainder when 33365753 is divided by 458.
453
What is the remainder when 4977524 is divided by 167?
89
Calculate the remainder when 385810 is divided by 3015.
2905
What is the remainder when 2799989 is divided by 559883?
574
What is the remainder when 1510616 is divided by 306?
200
What is the remainder when 2041982 is divided by 1790?
1382
Calculate the remainder when 884221 is divided by 5200.
221
Calculate the remainder when 412244 is divided by 6339.
209
Calculate the remainder when 730833 is divided by 83.
18
What is the remainder when 10058269 is divided by 7434?
67
Calculate the remainder when 4543579 is divided by 4543561.
18
What is the remainder when 4178399 is divided by 543?
14
What is the remainder when 386204 is divided by 386031?
173
Calculate the remainder when 5218296 is divided by 117.
96
What is the remainder when 319383 is divided by 29013?
240
Calculate the remainder when 816281 is divided by 116.
105
What is the remainder when 279169 is divided by 93025?
94
What is the remainder when 1482642 is divided by 4548?
4542
Calculate the remainder when 1439261 is divided by 816.
653
What is the remainder when 4978237 is divided by 4978223?
14
What is the remainder when 12141007 is divided by 2840?
7
What is the remainder when 8037708 is divided by 63?
42
What is the remainder when 133202 is divided by 674?
424
What is the remainder when 4597944 is divided by 67?
2
What is the remainder when 449 is divided by 220?
9
What is the remainder when 207638 is divided by 187?
68
Calculate the remainder when 10248551 is divided by 3416164.
59
What is the remainder when 135835311 is divided by 2158?
1
What is the remainder when 16421090 is divided by 5473695?
5
What is the remainder when 1135947 is divided by 283939?
191
What is the remainder when 123286 is divided by 28?
2
What is the remainder when 318499 is divided by 4365?
4219
What is the remainder when 5332334 is divided by 24?
14
What is the remainder when 1404866 is divided by 1404816?
50
What is the remainder when 20923235 is divided by 3723?
3698
What is the remainder when 763115 is divided by 2263?
484
What is the remainder when 121625 is divided by 4332?
329
What is the remainder when 33991 is divided by 561?
331
What is the remainder when 83742 is divided by 7255?
3937
Calculate the remainder when 651849842 is divided by 6590.
6582
What is the remainder when 100609 is divided by 341?
14
What is the remainder when 294481764 is divided by 115?
114
What is the remainder when 121590 is divided by 57210?
7170
What is the remainder when 42850162 is divided by 643?
642
Calculate the remainder when 7080763 is divided by 1368.
1363
What is the remainder when 3122008 is divided by 260157?
124
What is the remainder when 2290807 is divided by 12?
7
What is the remainder when 147849905 is divided by 441343?
0
What is the remainder when 149603 is divided by 3246?
287
What is the remainder when 2770600 is divided by 16015?
5
Calculate the remainder when 1832166 is divided by 540.
486
What is the remainder when 820342 is divided by 6952?
6
Calculate the remainder when 885153 is divided by 1105.
48
Calculate the remainder when 175078 is divided by 1704.
1270
Calculate the remainder when 64846 is divided by 21392.
670
Calculate the remainder when 65868202 is divided by 24.
10
What is the remainder when 17304 is divided by 149?
20
What is the remainder when 593613 is divided by 148399?
17
Calculate the remainder when 1244282 is divided by 20.
2
What is the remainder when 355388 is divided by 14209?
163
What is the remainder when 1763642 is divided by 51849?
776
Calculate the remainder when 297770 is divided by 148822.
126
Calculate the remainder when 66201261 is divided by 27322.
55
Calculate the remainder when 61535359 is divided by 2499.
2482
What is the remainder when 56956647 is divided by 369?
21
What is the remainder when 1640617 is divided by 1231?
925
Calculate the remainder when 11642182 is divided by 2328435.
7
What is the remainder when 22503 is divided by 1033?
810
Calculate the remainder when 808592 is divided by 269525.
17
Calculate the remainder when 152783 is divided by 1959.
1940
What is the remainder when 26122329 is divided by 14893?
7
What is the remainder when 946206 is divided by 946193?
13
Calculate the remainder when 2537057 is divided by 235.
232
What is the remainder when 2201001 is divided by 550247?
13
What is the remainder when 1803862 is divided by 900513?
2836
Calculate the remainder when 104284 is divided by 398.
8
Calculate the remainder when 126662 is divided by 1864.
1774
What is the remainder when 72756626 is divided by 25475?
26
What is the remainder when 307949 is divided by 22?
15
Calculate the remainder when 316569 is divided by 3430.
1009
Calculate the remainder when 217670 is divided by 656.
534
What is the remainder when 5792 is divided by 396?
248
Calculate the remainder when 231317281 is divided by 17.
15
What is the remainder when 10331807 is divided by 3443900?
107
What is the remainder when 117393368 is divided by 149?
142
What is the remainder when 3283857 is divided by 16754?
73
What is the remainder when 89903 is divided by 41704?
6495
What is the remainder when 706541636 is divided by 280?
276
What is the remainder when 1008678 is divided by 18?
12
What is the remainder when 6815870 is divided by 12303?
8
Calculate the remainder when 2219227 is divided by 513.
502
What is the remainder when 301370 is divided by 60236?
190
What is the remainder when 14570411 is divided by 14570408?
3
What is the remainder when 15000017 is divided by 14?
11
Calculate the remainder when 20112 is divided by 796.
212
Calculate the remainder when 414205 is divided by 29567.
267
Calculate the remainder when 4056601 is divided by 333.
328
What is the remainder when 1183840 is divided by 118368?
160
Calculate the remainder when 4566102 is divided by 2283050.
2
What is the remainder when 909905 is divided by 1042?
239
Calculate the remainder when 67481 is divided by 21275.
3656
What is the remainder when 103166 is divided by 103117?
49
Calculate the remainder when 85712094 is divided by 1067.
1051
Calculate the remainder when 5543099 is divided by 2379.
29
What is the remainder when 41555 is divided by 41289?
266
What is the remainder when 346667 is divided by 60?
47
Calculate the remainder when 2889447 is divided by 50.
47
Calculate the remainder when 2263693 is divided by 8.
5
What is the remainder when 311186 is divided by 38894?
34
C